{"id":2159,"date":"2023-03-14T11:54:05","date_gmt":"2023-03-14T10:54:05","guid":{"rendered":"https:\/\/www.lesjardinsdehridaya.fr\/?page_id=2159"},"modified":"2023-03-14T14:11:43","modified_gmt":"2023-03-14T13:11:43","slug":"les-amis","status":"publish","type":"page","link":"https:\/\/www.lesjardinsdehridaya.fr\/index.php\/les-amis\/","title":{"rendered":"Les amis"},"content":{"rendered":"\t\t<div data-elementor-type=\"wp-page\" data-elementor-id=\"2159\" class=\"elementor elementor-2159\">\n\t\t\t\t\t\t<section class=\"elementor-section elementor-top-section elementor-element elementor-element-8ea8176 elementor-section-boxed elementor-section-height-default elementor-section-height-default\" data-id=\"8ea8176\" data-element_type=\"section\">\n\t\t\t\t\t\t<div class=\"elementor-container elementor-column-gap-default\">\n\t\t\t\t\t<div class=\"elementor-column elementor-col-100 elementor-top-column elementor-element elementor-element-0e11aba\" data-id=\"0e11aba\" data-element_type=\"column\">\n\t\t\t<div class=\"elementor-widget-wrap elementor-element-populated\">\n\t\t\t\t\t\t<div class=\"elementor-element elementor-element-2fbe09b elementor-widget elementor-widget-heading\" data-id=\"2fbe09b\" data-element_type=\"widget\" data-widget_type=\"heading.default\">\n\t\t\t\t<div class=\"elementor-widget-container\">\n\t\t\t\t\t<h2 class=\"elementor-heading-title elementor-size-default\">Les Amis<\/h2>\t\t\t\t<\/div>\n\t\t\t\t<\/div>\n\t\t\t\t<div class=\"elementor-element elementor-element-f01d73e elementor-widget-divider--view-line elementor-widget elementor-widget-divider\" data-id=\"f01d73e\" data-element_type=\"widget\" data-widget_type=\"divider.default\">\n\t\t\t\t<div class=\"elementor-widget-container\">\n\t\t\t\t\t\t\t<div class=\"elementor-divider\">\n\t\t\t<span class=\"elementor-divider-separator\">\n\t\t\t\t\t\t<\/span>\n\t\t<\/div>\n\t\t\t\t\t\t<\/div>\n\t\t\t\t<\/div>\n\t\t\t\t\t<\/div>\n\t\t<\/div>\n\t\t\t\t\t<\/div>\n\t\t<\/section>\n\t\t\t\t<section class=\"elementor-section elementor-top-section elementor-element elementor-element-3b583b5 elementor-section-full_width elementor-section-height-default elementor-section-height-default\" data-id=\"3b583b5\" data-element_type=\"section\">\n\t\t\t\t\t\t<div class=\"elementor-container elementor-column-gap-wide\">\n\t\t\t\t\t<div class=\"elementor-column elementor-col-25 elementor-top-column elementor-element elementor-element-0663610\" data-id=\"0663610\" data-element_type=\"column\" data-settings=\"{&quot;animation&quot;:&quot;none&quot;}\">\n\t\t\t<div class=\"elementor-widget-wrap elementor-element-populated\">\n\t\t\t\t\t\t<div class=\"elementor-element elementor-element-82c79c9 elementor-position-top elementor-widget elementor-widget-image-box\" data-id=\"82c79c9\" data-element_type=\"widget\" data-widget_type=\"image-box.default\">\n\t\t\t\t<div class=\"elementor-widget-container\">\n\t\t\t\t\t<div class=\"elementor-image-box-wrapper\"><figure class=\"elementor-image-box-img\"><a href=\"https:\/\/www.leverluisant.org\/calendrier-sorties\" target=\"_blank\" tabindex=\"-1\"><img fetchpriority=\"high\" decoding=\"async\" width=\"330\" height=\"220\" src=\"https:\/\/www.lesjardinsdehridaya.fr\/wp-content\/uploads\/2023\/03\/fritillaire-pintade_0-e1678792197478.png\" class=\"elementor-animation-grow attachment-full size-full wp-image-2162\" alt=\"\" srcset=\"https:\/\/www.lesjardinsdehridaya.fr\/wp-content\/uploads\/2023\/03\/fritillaire-pintade_0-e1678792197478.png 330w, https:\/\/www.lesjardinsdehridaya.fr\/wp-content\/uploads\/2023\/03\/fritillaire-pintade_0-e1678792197478-272x182.png 272w\" sizes=\"(max-width: 330px) 100vw, 330px\" \/><\/a><\/figure><div class=\"elementor-image-box-content\"><h3 class=\"elementor-image-box-title\"><a href=\"https:\/\/www.leverluisant.org\/calendrier-sorties\" target=\"_blank\">Association \u00ab Le ver luisant \u00bb<\/a><\/h3><p class=\"elementor-image-box-description\">Salle La Cap\u00e8ro 553 Av. des Pyr\u00e9n\u00e9es, 32800 Eauze\n\nAsso culturelle et environnementale - Danse (contact, impro...), cuisine nature et sauvage,\njardinage \u00e9colo, musique.<\/p><\/div><\/div>\t\t\t\t<\/div>\n\t\t\t\t<\/div>\n\t\t\t\t\t<\/div>\n\t\t<\/div>\n\t\t\t\t<div class=\"elementor-column elementor-col-25 elementor-top-column elementor-element elementor-element-7b970e3\" data-id=\"7b970e3\" data-element_type=\"column\" data-settings=\"{&quot;animation&quot;:&quot;none&quot;}\">\n\t\t\t<div class=\"elementor-widget-wrap elementor-element-populated\">\n\t\t\t\t\t\t<div class=\"elementor-element elementor-element-bb63bbf elementor-position-top elementor-widget elementor-widget-image-box\" data-id=\"bb63bbf\" data-element_type=\"widget\" data-widget_type=\"image-box.default\">\n\t\t\t\t<div class=\"elementor-widget-container\">\n\t\t\t\t\t<div class=\"elementor-image-box-wrapper\"><figure class=\"elementor-image-box-img\"><a href=\"https:\/\/lecercledefemmes.wixsite.com\/website\" target=\"_blank\" tabindex=\"-1\"><img decoding=\"async\" width=\"330\" height=\"230\" src=\"https:\/\/www.lesjardinsdehridaya.fr\/wp-content\/uploads\/2023\/03\/cercle-de-femmes-gers-e1678792279673.png\" class=\"elementor-animation-grow attachment-full size-full wp-image-2163\" alt=\"\" \/><\/a><\/figure><div class=\"elementor-image-box-content\"><h3 class=\"elementor-image-box-title\"><a href=\"https:\/\/lecercledefemmes.wixsite.com\/website\" target=\"_blank\">Cercle de femmes en chemin<\/a><\/h3><p class=\"elementor-image-box-description\">Un espace de confiance et de confidentialit\u00e9, dans lequel l'\u00e9coute et la parole se partagent\ndans la bienveillance, le respect, le non jugement et l'Amour inconditionnel.\nUn temps pour se relier \u00e0 soi, aux autres, et \u00e0 plus grand que soi, en profondeur et par le c\u0153ur\naux jardins de Hridaya.<\/p><\/div><\/div>\t\t\t\t<\/div>\n\t\t\t\t<\/div>\n\t\t\t\t\t<\/div>\n\t\t<\/div>\n\t\t\t\t<div class=\"elementor-column elementor-col-25 elementor-top-column elementor-element elementor-element-1640477\" data-id=\"1640477\" data-element_type=\"column\" data-settings=\"{&quot;animation&quot;:&quot;none&quot;}\">\n\t\t\t<div class=\"elementor-widget-wrap elementor-element-populated\">\n\t\t\t\t\t\t<div class=\"elementor-element elementor-element-a83e257 elementor-position-top elementor-widget elementor-widget-image-box\" data-id=\"a83e257\" data-element_type=\"widget\" data-widget_type=\"image-box.default\">\n\t\t\t\t<div class=\"elementor-widget-container\">\n\t\t\t\t\t<div class=\"elementor-image-box-wrapper\"><figure class=\"elementor-image-box-img\"><a href=\"http:\/\/www.fannylevrouw.fr\" target=\"_blank\" tabindex=\"-1\"><img decoding=\"async\" width=\"330\" height=\"233\" src=\"https:\/\/www.lesjardinsdehridaya.fr\/wp-content\/uploads\/2023\/03\/jardin-coquelicots-e1678792348970.jpg\" class=\"elementor-animation-grow attachment-full size-full wp-image-2164\" alt=\"\" \/><\/a><\/figure><div class=\"elementor-image-box-content\"><h3 class=\"elementor-image-box-title\"><a href=\"http:\/\/www.fannylevrouw.fr\" target=\"_blank\">Fanny Levrouw<\/a><\/h3><p class=\"elementor-image-box-description\">Danse libre, focusing, approche sensible des plantes, astrologie entre Lot et Garonne et Gers.<\/p><\/div><\/div>\t\t\t\t<\/div>\n\t\t\t\t<\/div>\n\t\t\t\t\t<\/div>\n\t\t<\/div>\n\t\t\t\t<div class=\"elementor-column elementor-col-25 elementor-top-column elementor-element elementor-element-e34d400\" data-id=\"e34d400\" data-element_type=\"column\" data-settings=\"{&quot;animation&quot;:&quot;none&quot;}\">\n\t\t\t<div class=\"elementor-widget-wrap elementor-element-populated\">\n\t\t\t\t\t\t<div class=\"elementor-element elementor-element-5be9e3e elementor-position-top elementor-widget elementor-widget-image-box\" data-id=\"5be9e3e\" data-element_type=\"widget\" data-widget_type=\"image-box.default\">\n\t\t\t\t<div class=\"elementor-widget-container\">\n\t\t\t\t\t<div class=\"elementor-image-box-wrapper\"><figure class=\"elementor-image-box-img\"><a href=\"https:\/\/www.laboratoirealtho.fr\" target=\"_blank\" tabindex=\"-1\"><img decoding=\"async\" src=\"https:\/\/www.lesjardinsdehridaya.fr\/wp-content\/uploads\/elementor\/thumbs\/altho-e1678792424541-q3i0iq6gvr9au1kyvryftj51q7dr4zjph52hqpn62k.png\" title=\"altho\" alt=\"altho\" class=\"elementor-animation-grow\" loading=\"lazy\" \/><\/a><\/figure><div class=\"elementor-image-box-content\"><h3 class=\"elementor-image-box-title\"><a href=\"https:\/\/www.laboratoirealtho.fr\" target=\"_blank\">Laboratoire Altho<\/a><\/h3><p class=\"elementor-image-box-description\">Dans la campagne gersoise, huiles v\u00e9g\u00e9tales, huiles essentielles, plantes s\u00e8ches bio....<\/p><\/div><\/div>\t\t\t\t<\/div>\n\t\t\t\t<\/div>\n\t\t\t\t\t<\/div>\n\t\t<\/div>\n\t\t\t\t\t<\/div>\n\t\t<\/section>\n\t\t\t\t<section class=\"elementor-section elementor-top-section elementor-element elementor-element-b45bec4 elementor-section-boxed elementor-section-height-default elementor-section-height-default\" data-id=\"b45bec4\" data-element_type=\"section\">\n\t\t\t\t\t\t<div class=\"elementor-container elementor-column-gap-default\">\n\t\t\t\t\t<div class=\"elementor-column elementor-col-100 elementor-top-column elementor-element elementor-element-4044a49\" data-id=\"4044a49\" data-element_type=\"column\">\n\t\t\t<div class=\"elementor-widget-wrap elementor-element-populated\">\n\t\t\t\t\t\t<div class=\"elementor-element elementor-element-d62d135 elementor-widget elementor-widget-spacer\" data-id=\"d62d135\" data-element_type=\"widget\" data-widget_type=\"spacer.default\">\n\t\t\t\t<div class=\"elementor-widget-container\">\n\t\t\t\t\t\t\t<div class=\"elementor-spacer\">\n\t\t\t<div class=\"elementor-spacer-inner\"><\/div>\n\t\t<\/div>\n\t\t\t\t\t\t<\/div>\n\t\t\t\t<\/div>\n\t\t\t\t\t<\/div>\n\t\t<\/div>\n\t\t\t\t\t<\/div>\n\t\t<\/section>\n\t\t\t\t<section class=\"elementor-section elementor-top-section elementor-element elementor-element-c511cf4 elementor-section-full_width elementor-section-height-default elementor-section-height-default\" data-id=\"c511cf4\" data-element_type=\"section\">\n\t\t\t\t\t\t<div class=\"elementor-container elementor-column-gap-wide\">\n\t\t\t\t\t<div class=\"elementor-column elementor-col-25 elementor-top-column elementor-element elementor-element-30e50f4\" data-id=\"30e50f4\" data-element_type=\"column\" data-settings=\"{&quot;animation&quot;:&quot;none&quot;}\">\n\t\t\t<div class=\"elementor-widget-wrap elementor-element-populated\">\n\t\t\t\t\t\t<div class=\"elementor-element elementor-element-42f0316 elementor-position-top elementor-widget elementor-widget-image-box\" data-id=\"42f0316\" data-element_type=\"widget\" data-widget_type=\"image-box.default\">\n\t\t\t\t<div class=\"elementor-widget-container\">\n\t\t\t\t\t<div class=\"elementor-image-box-wrapper\"><figure class=\"elementor-image-box-img\"><a href=\"https:\/\/www.lescheminsdevie.fr\/\" target=\"_blank\" tabindex=\"-1\"><img loading=\"lazy\" decoding=\"async\" width=\"330\" height=\"230\" src=\"https:\/\/www.lesjardinsdehridaya.fr\/wp-content\/uploads\/2023\/03\/les-chemins-de-vie-e1678792127169.png\" class=\"elementor-animation-grow attachment-full size-full wp-image-2170\" alt=\"\" \/><\/a><\/figure><div class=\"elementor-image-box-content\"><h3 class=\"elementor-image-box-title\"><a href=\"https:\/\/www.lescheminsdevie.fr\/\" target=\"_blank\">Philippe Clament<\/a><\/h3><p class=\"elementor-image-box-description\">Th\u00e9rapeute \u00e0 N\u00e9rac, hypnose, EFT, zensight...<\/p><\/div><\/div>\t\t\t\t<\/div>\n\t\t\t\t<\/div>\n\t\t\t\t\t<\/div>\n\t\t<\/div>\n\t\t\t\t<div class=\"elementor-column elementor-col-25 elementor-top-column elementor-element elementor-element-c083616\" data-id=\"c083616\" data-element_type=\"column\" data-settings=\"{&quot;animation&quot;:&quot;none&quot;}\">\n\t\t\t<div class=\"elementor-widget-wrap elementor-element-populated\">\n\t\t\t\t\t\t<div class=\"elementor-element elementor-element-a381d04 elementor-position-top elementor-widget elementor-widget-image-box\" data-id=\"a381d04\" data-element_type=\"widget\" data-widget_type=\"image-box.default\">\n\t\t\t\t<div class=\"elementor-widget-container\">\n\t\t\t\t\t<div class=\"elementor-image-box-wrapper\"><figure class=\"elementor-image-box-img\"><a href=\"https:\/\/adventurium.fr\/\" target=\"_blank\" tabindex=\"-1\"><img loading=\"lazy\" decoding=\"async\" width=\"330\" height=\"230\" src=\"https:\/\/www.lesjardinsdehridaya.fr\/wp-content\/uploads\/2023\/03\/adventurium-2-e1678792047159.png\" class=\"elementor-animation-grow attachment-full size-full wp-image-2186\" alt=\"\" \/><\/a><\/figure><div class=\"elementor-image-box-content\"><h3 class=\"elementor-image-box-title\"><a href=\"https:\/\/adventurium.fr\/\" target=\"_blank\">St\u00e9phane Daguin<\/a><\/h3><p class=\"elementor-image-box-description\">Entrepreneur, aventurier et chamane, management en conscience en Maine-et-Loire et dans ses voyages.<\/p><\/div><\/div>\t\t\t\t<\/div>\n\t\t\t\t<\/div>\n\t\t\t\t\t<\/div>\n\t\t<\/div>\n\t\t\t\t<div class=\"elementor-column elementor-col-25 elementor-top-column elementor-element elementor-element-45ca3e4\" data-id=\"45ca3e4\" data-element_type=\"column\" data-settings=\"{&quot;animation&quot;:&quot;none&quot;}\">\n\t\t\t<div class=\"elementor-widget-wrap elementor-element-populated\">\n\t\t\t\t\t\t<div class=\"elementor-element elementor-element-07236bc elementor-position-top elementor-widget elementor-widget-image-box\" data-id=\"07236bc\" data-element_type=\"widget\" data-widget_type=\"image-box.default\">\n\t\t\t\t<div class=\"elementor-widget-container\">\n\t\t\t\t\t<div class=\"elementor-image-box-wrapper\"><figure class=\"elementor-image-box-img\"><a href=\"https:\/\/babel.coop\/la-pnl-a-niort-avec-un-enseignant-niortais\/\" target=\"_blank\" tabindex=\"-1\"><img loading=\"lazy\" decoding=\"async\" width=\"330\" height=\"231\" src=\"https:\/\/www.lesjardinsdehridaya.fr\/wp-content\/uploads\/2023\/03\/JPJ-photo-859x1024-1-e1678792169476.jpg\" class=\"elementor-animation-grow attachment-full size-full wp-image-2169\" alt=\"\" \/><\/a><\/figure><div class=\"elementor-image-box-content\"><h3 class=\"elementor-image-box-title\"><a href=\"https:\/\/babel.coop\/la-pnl-a-niort-avec-un-enseignant-niortais\/\" target=\"_blank\">Jean-Paul Jakubowski<\/a><\/h3><p class=\"elementor-image-box-description\">Enseignant et formateur PNL \u00e0 Niort<\/p><\/div><\/div>\t\t\t\t<\/div>\n\t\t\t\t<\/div>\n\t\t\t\t\t<\/div>\n\t\t<\/div>\n\t\t\t\t<div class=\"elementor-column elementor-col-25 elementor-top-column elementor-element elementor-element-d8eb2f3\" data-id=\"d8eb2f3\" data-element_type=\"column\" data-settings=\"{&quot;animation&quot;:&quot;none&quot;}\">\n\t\t\t<div class=\"elementor-widget-wrap\">\n\t\t\t\t\t\t\t<\/div>\n\t\t<\/div>\n\t\t\t\t\t<\/div>\n\t\t<\/section>\n\t\t\t\t<section class=\"elementor-section elementor-top-section elementor-element elementor-element-a7cb9fe elementor-section-boxed elementor-section-height-default elementor-section-height-default\" data-id=\"a7cb9fe\" data-element_type=\"section\">\n\t\t\t\t\t\t<div class=\"elementor-container elementor-column-gap-default\">\n\t\t\t\t\t<div class=\"elementor-column elementor-col-100 elementor-top-column elementor-element elementor-element-8f0ab1a\" data-id=\"8f0ab1a\" data-element_type=\"column\">\n\t\t\t<div class=\"elementor-widget-wrap elementor-element-populated\">\n\t\t\t\t\t\t<div class=\"elementor-element elementor-element-95e6e17 elementor-widget elementor-widget-spacer\" data-id=\"95e6e17\" data-element_type=\"widget\" data-widget_type=\"spacer.default\">\n\t\t\t\t<div class=\"elementor-widget-container\">\n\t\t\t\t\t\t\t<div class=\"elementor-spacer\">\n\t\t\t<div class=\"elementor-spacer-inner\"><\/div>\n\t\t<\/div>\n\t\t\t\t\t\t<\/div>\n\t\t\t\t<\/div>\n\t\t\t\t\t<\/div>\n\t\t<\/div>\n\t\t\t\t\t<\/div>\n\t\t<\/section>\n\t\t\t\t<\/div>\n\t\t","protected":false},"excerpt":{"rendered":"<p>Les Amis Association \u00ab Le ver luisant \u00bb Salle La Cap\u00e8ro 553 Av. des Pyr\u00e9n\u00e9es, 32800 Eauze Asso culturelle et environnementale &#8211; Danse (contact, impro&#8230;), cuisine nature et sauvage, jardinage&#8230;<\/p>\n","protected":false},"author":1,"featured_media":0,"parent":0,"menu_order":0,"comment_status":"closed","ping_status":"closed","template":"","meta":{"_kad_post_transparent":"","_kad_post_title":"","_kad_post_layout":"","_kad_post_sidebar_id":"","_kad_post_content_style":"","_kad_post_vertical_padding":"","_kad_post_feature":"","_kad_post_feature_position":"","_kad_post_header":false,"_kad_post_footer":false,"footnotes":""},"class_list":["post-2159","page","type-page","status-publish","hentry"],"_links":{"self":[{"href":"https:\/\/www.lesjardinsdehridaya.fr\/index.php\/wp-json\/wp\/v2\/pages\/2159","targetHints":{"allow":["GET"]}}],"collection":[{"href":"https:\/\/www.lesjardinsdehridaya.fr\/index.php\/wp-json\/wp\/v2\/pages"}],"about":[{"href":"https:\/\/www.lesjardinsdehridaya.fr\/index.php\/wp-json\/wp\/v2\/types\/page"}],"author":[{"embeddable":true,"href":"https:\/\/www.lesjardinsdehridaya.fr\/index.php\/wp-json\/wp\/v2\/users\/1"}],"replies":[{"embeddable":true,"href":"https:\/\/www.lesjardinsdehridaya.fr\/index.php\/wp-json\/wp\/v2\/comments?post=2159"}],"version-history":[{"count":28,"href":"https:\/\/www.lesjardinsdehridaya.fr\/index.php\/wp-json\/wp\/v2\/pages\/2159\/revisions"}],"predecessor-version":[{"id":2203,"href":"https:\/\/www.lesjardinsdehridaya.fr\/index.php\/wp-json\/wp\/v2\/pages\/2159\/revisions\/2203"}],"wp:attachment":[{"href":"https:\/\/www.lesjardinsdehridaya.fr\/index.php\/wp-json\/wp\/v2\/media?parent=2159"}],"curies":[{"name":"wp","href":"https:\/\/api.w.org\/{rel}","templated":true}]}}