{"id":2711,"date":"2025-03-29T10:56:00","date_gmt":"2025-03-29T09:56:00","guid":{"rendered":"https:\/\/www.lesjardinsdehridaya.fr\/?post_type=tribe_events&#038;p=2711"},"modified":"2025-03-29T10:56:00","modified_gmt":"2025-03-29T09:56:00","slug":"celebration-du-wesak","status":"publish","type":"tribe_events","link":"https:\/\/www.lesjardinsdehridaya.fr\/index.php\/evenements\/celebration-du-wesak\/","title":{"rendered":"C\u00e9l\u00e9bration du WESAK"},"content":{"rendered":"<p>9h-11h Yoga et M\u00e9ditation\u00a0 Rel\u00e2cher son corps, le pr\u00e9parer \u00e0 accueillir et \u00e0 s&rsquo;offrir (possibilit\u00e9 de venir uniquement au yoga du dimanche matin)<\/p>\n<p>11h15-12h00 Qu&rsquo;est ce le Wesak?<\/p>\n<p>12h00-14h00 Partage du repas sorti du panier<\/p>\n<p>14h00-16h00 Se relier-Cr\u00e9ation d&rsquo;un mandala universel<\/p>\n<p>M\u00e9ditation avec la conscience \u00ab\u00a0Bouddha\u00a0\u00bb<\/p>\n<p>&nbsp;<\/p>\n<p>TARIF:<\/p>\n<p>20\u20ac uniquement le yoga du matin<\/p>\n<p>20\u20acuniquement l&rsquo;atelier de l&rsquo;apr\u00e8s-midi<\/p>\n<p>40\u20ac la journ\u00e9e<\/p>\n<p>&nbsp;<\/p>\n<p>Ouvert\u00a0 \u00e0 toutes et tous les chercheurs de v\u00e9rit\u00e9!<\/p>\n","protected":false},"excerpt":{"rendered":"<p>9h-11h Yoga et M\u00e9ditation\u00a0 Rel\u00e2cher son corps, le pr\u00e9parer \u00e0 accueillir et \u00e0 s&rsquo;offrir (possibilit\u00e9 de venir uniquement au yoga du dimanche matin) 11h15-12h00 Qu&rsquo;est ce le Wesak? 12h00-14h00 Partage&#8230;<\/p>\n","protected":false},"author":1,"featured_media":2325,"template":"","meta":{"_kad_post_transparent":"","_kad_post_title":"","_kad_post_layout":"","_kad_post_sidebar_id":"","_kad_post_content_style":"","_kad_post_vertical_padding":"","_kad_post_feature":"","_kad_post_feature_position":"","_kad_post_header":false,"_kad_post_footer":false,"_tribe_events_status":"","_tribe_events_status_reason":"","footnotes":""},"tags":[],"tribe_events_cat":[],"class_list":["post-2711","tribe_events","type-tribe_events","status-publish","has-post-thumbnail","hentry"],"_links":{"self":[{"href":"https:\/\/www.lesjardinsdehridaya.fr\/index.php\/wp-json\/wp\/v2\/tribe_events\/2711","targetHints":{"allow":["GET"]}}],"collection":[{"href":"https:\/\/www.lesjardinsdehridaya.fr\/index.php\/wp-json\/wp\/v2\/tribe_events"}],"about":[{"href":"https:\/\/www.lesjardinsdehridaya.fr\/index.php\/wp-json\/wp\/v2\/types\/tribe_events"}],"author":[{"embeddable":true,"href":"https:\/\/www.lesjardinsdehridaya.fr\/index.php\/wp-json\/wp\/v2\/users\/1"}],"version-history":[{"count":2,"href":"https:\/\/www.lesjardinsdehridaya.fr\/index.php\/wp-json\/wp\/v2\/tribe_events\/2711\/revisions"}],"predecessor-version":[{"id":2748,"href":"https:\/\/www.lesjardinsdehridaya.fr\/index.php\/wp-json\/wp\/v2\/tribe_events\/2711\/revisions\/2748"}],"wp:featuredmedia":[{"embeddable":true,"href":"https:\/\/www.lesjardinsdehridaya.fr\/index.php\/wp-json\/wp\/v2\/media\/2325"}],"wp:attachment":[{"href":"https:\/\/www.lesjardinsdehridaya.fr\/index.php\/wp-json\/wp\/v2\/media?parent=2711"}],"wp:term":[{"taxonomy":"post_tag","embeddable":true,"href":"https:\/\/www.lesjardinsdehridaya.fr\/index.php\/wp-json\/wp\/v2\/tags?post=2711"},{"taxonomy":"tribe_events_cat","embeddable":true,"href":"https:\/\/www.lesjardinsdehridaya.fr\/index.php\/wp-json\/wp\/v2\/tribe_events_cat?post=2711"}],"curies":[{"name":"wp","href":"https:\/\/api.w.org\/{rel}","templated":true}]}}

Célébration du WESAK

<p>9h-11h Yoga et Méditation  Relâcher son corps, le préparer à accueillir et à s&rsquo;offrir (possibilité de venir uniquement au yoga du dimanche matin)</p>
<p>11h15-12h00 Qu&rsquo;est ce le Wesak?</p>
<p>12h00-14h00 Partage du repas sorti du panier</p>
<p>14h00-16h00 Se relier-Création d&rsquo;un mandala universel</p>
<p>Méditation avec la conscience « Bouddha »</p>
<p>&nbsp;</p>
<p>TARIF:</p>
<p>20€ uniquement le yoga du matin</p>
<p>20€uniquement l&rsquo;atelier de l&rsquo;après-midi</p>
<p>40€ la journée</p>
<p>&nbsp;</p>
<p>Ouvert  à toutes et tous les chercheurs de vérité!</p>

<p>9h-11h Yoga et Méditation  Relâcher son corps, le préparer à accueillir et à s&rsquo;offrir (possibilité de venir uniquement au yoga du dimanche matin) 11h15-12h00 Qu&rsquo;est ce le Wesak? 12h00-14h00 Partage&#8230;</p>
