{"id":2738,"date":"2025-05-01T16:59:24","date_gmt":"2025-05-01T14:59:24","guid":{"rendered":"https:\/\/www.lesjardinsdehridaya.fr\/?post_type=tribe_events&#038;p=2738"},"modified":"2025-05-01T17:07:54","modified_gmt":"2025-05-01T15:07:54","slug":"fete-du-solstice-dete","status":"publish","type":"tribe_events","link":"https:\/\/www.lesjardinsdehridaya.fr\/index.php\/evenements\/fete-du-solstice-dete\/","title":{"rendered":"F\u00caTE DU SOLSTICE D&rsquo;ETE"},"content":{"rendered":"<p style=\"text-align: center;\"><strong>Journ\u00e9e internationale de yoga<\/strong><\/p>\n<p><strong><span style=\"font-family: Papyrus, cursive;\"><span style=\"font-size: large;\">18h00 <\/span><\/span><\/strong><strong><span style=\"font-family: Papyrus, cursive;\"><span style=\"font-size: x-large;\">Yoga nidra<\/span><\/span><\/strong><strong><span style=\"font-family: Papyrus, cursive;\"><span style=\"font-size: large;\">,<\/span><\/span><\/strong><i> <\/i><strong><span style=\"font-family: Papyrus, cursive;\"><span style=\"font-size: large;\"><i>voyage vers une profonde relaxation et une<\/i><\/span><\/span><\/strong><strong><span style=\"font-family: Papyrus, cursive;\"><span style=\"font-size: large;\"><i> conscience \u00e9veil\u00e9e<\/i><\/span><\/span><\/strong><\/p>\n<p><strong><span style=\"font-family: Papyrus, cursive;\"><span style=\"font-size: large;\">19h0<\/span><\/span><\/strong><strong><span style=\"font-family: Papyrus, cursive;\"><span style=\"font-size: x-large;\">0 Land art\u00a0<\/span><\/span><\/strong> <em><span style=\"font-family: Papyrus, cursive;\"><span style=\"font-size: large;\">R\u00e9alisation d&rsquo;un mandala v\u00e9g\u00e9tal \u00e9ph\u00e9m\u00e8re<\/span><\/span><\/em><\/p>\n<p><strong><span style=\"font-family: Papyrus, cursive;\"><span style=\"font-size: large;\">19h30<\/span><\/span><\/strong><strong><span style=\"font-family: Papyrus, cursive;\"><span style=\"font-size: x-large;\"> C\u00e9l\u00e9bration du solstice<\/span><\/span><\/strong> <em><span style=\"font-family: Papyrus, cursive;\"><span style=\"font-size: large;\">Pr\u00e9paration du feu et m\u00e9ditation au cercle de pierres<\/span><\/span><\/em><\/p>\n<p><strong><span style=\"font-family: Papyrus, cursive;\"><span style=\"font-size: large;\">20h30 <\/span><\/span><\/strong><strong><span style=\"font-family: Papyrus, cursive;\"><span style=\"font-size: x-large;\">Auberge espagnole<\/span><\/span><\/strong> <strong><span style=\"font-family: Papyrus, cursive;\"><span style=\"font-size: large;\"><i>avec les mets port\u00e9s par chacun<\/i><\/span><\/span><\/strong><\/p>\n<p align=\"CENTER\"><span style=\"color: #ff9900;\"><span style=\"font-family: Papyrus, cursive;\"><span style=\"font-size: large;\">Il est possible de venir uniquement \u00e0 la m\u00e9ditation.<\/span><\/span><\/span><\/p>\n<p align=\"CENTER\"><strong><span style=\"color: #ff9900;\"><span style=\"font-family: Papyrus, cursive;\"><span style=\"font-size: large;\">Venez avec vos amis! Merci de m&rsquo;informer de votre participation.<\/span><\/span><\/span><\/strong><\/p>\n<p align=\"CENTER\"><span style=\"color: #ff9900;\"><span style=\"font-family: Papyrus, cursive;\"><span style=\"font-size: large;\">organis\u00e9 et anim\u00e9 par Sylvie Icart Fabiol<\/span><\/span><\/span><\/p>\n<p align=\"CENTER\"><span style=\"color: #ff9900;\"><span style=\"font-family: Papyrus, cursive;\"><span style=\"font-size: xx-large;\"><b>10\u20ac<\/b><\/span><\/span><\/span><\/p>\n<p>&nbsp;<\/p>\n","protected":false},"excerpt":{"rendered":"<p>Journ\u00e9e internationale de yoga 18h00 Yoga nidra, voyage vers une profonde relaxation et une conscience \u00e9veil\u00e9e 19h00 Land art\u00a0 R\u00e9alisation d&rsquo;un mandala v\u00e9g\u00e9tal \u00e9ph\u00e9m\u00e8re 19h30 C\u00e9l\u00e9bration du solstice Pr\u00e9paration du&#8230;<\/p>\n","protected":false},"author":1,"featured_media":1527,"template":"","meta":{"_kad_post_transparent":"","_kad_post_title":"","_kad_post_layout":"","_kad_post_sidebar_id":"","_kad_post_content_style":"","_kad_post_vertical_padding":"","_kad_post_feature":"","_kad_post_feature_position":"","_kad_post_header":false,"_kad_post_footer":false,"_tribe_events_status":"","_tribe_events_status_reason":"","footnotes":""},"tags":[],"tribe_events_cat":[],"class_list":["post-2738","tribe_events","type-tribe_events","status-publish","has-post-thumbnail","hentry"],"_links":{"self":[{"href":"https:\/\/www.lesjardinsdehridaya.fr\/index.php\/wp-json\/wp\/v2\/tribe_events\/2738","targetHints":{"allow":["GET"]}}],"collection":[{"href":"https:\/\/www.lesjardinsdehridaya.fr\/index.php\/wp-json\/wp\/v2\/tribe_events"}],"about":[{"href":"https:\/\/www.lesjardinsdehridaya.fr\/index.php\/wp-json\/wp\/v2\/types\/tribe_events"}],"author":[{"embeddable":true,"href":"https:\/\/www.lesjardinsdehridaya.fr\/index.php\/wp-json\/wp\/v2\/users\/1"}],"version-history":[{"count":3,"href":"https:\/\/www.lesjardinsdehridaya.fr\/index.php\/wp-json\/wp\/v2\/tribe_events\/2738\/revisions"}],"predecessor-version":[{"id":2741,"href":"https:\/\/www.lesjardinsdehridaya.fr\/index.php\/wp-json\/wp\/v2\/tribe_events\/2738\/revisions\/2741"}],"wp:featuredmedia":[{"embeddable":true,"href":"https:\/\/www.lesjardinsdehridaya.fr\/index.php\/wp-json\/wp\/v2\/media\/1527"}],"wp:attachment":[{"href":"https:\/\/www.lesjardinsdehridaya.fr\/index.php\/wp-json\/wp\/v2\/media?parent=2738"}],"wp:term":[{"taxonomy":"post_tag","embeddable":true,"href":"https:\/\/www.lesjardinsdehridaya.fr\/index.php\/wp-json\/wp\/v2\/tags?post=2738"},{"taxonomy":"tribe_events_cat","embeddable":true,"href":"https:\/\/www.lesjardinsdehridaya.fr\/index.php\/wp-json\/wp\/v2\/tribe_events_cat?post=2738"}],"curies":[{"name":"wp","href":"https:\/\/api.w.org\/{rel}","templated":true}]}}

FÊTE DU SOLSTICE D&rsquo;ETE

<p style="text-align: center;"><strong>Journée internationale de yoga</strong></p>
<p><strong><span style="font-family: Papyrus, cursive;"><span style="font-size: large;">18h00 </span></span></strong><strong><span style="font-family: Papyrus, cursive;"><span style="font-size: x-large;">Yoga nidra</span></span></strong><strong><span style="font-family: Papyrus, cursive;"><span style="font-size: large;">,</span></span></strong><i> </i><strong><span style="font-family: Papyrus, cursive;"><span style="font-size: large;"><i>voyage vers une profonde relaxation et une</i></span></span></strong><strong><span style="font-family: Papyrus, cursive;"><span style="font-size: large;"><i> conscience éveilée</i></span></span></strong></p>
<p><strong><span style="font-family: Papyrus, cursive;"><span style="font-size: large;">19h0</span></span></strong><strong><span style="font-family: Papyrus, cursive;"><span style="font-size: x-large;">0 Land art </span></span></strong> <em><span style="font-family: Papyrus, cursive;"><span style="font-size: large;">Réalisation d&rsquo;un mandala végétal éphémère</span></span></em></p>
<p><strong><span style="font-family: Papyrus, cursive;"><span style="font-size: large;">19h30</span></span></strong><strong><span style="font-family: Papyrus, cursive;"><span style="font-size: x-large;"> Célébration du solstice</span></span></strong> <em><span style="font-family: Papyrus, cursive;"><span style="font-size: large;">Préparation du feu et méditation au cercle de pierres</span></span></em></p>
<p><strong><span style="font-family: Papyrus, cursive;"><span style="font-size: large;">20h30 </span></span></strong><strong><span style="font-family: Papyrus, cursive;"><span style="font-size: x-large;">Auberge espagnole</span></span></strong> <strong><span style="font-family: Papyrus, cursive;"><span style="font-size: large;"><i>avec les mets portés par chacun</i></span></span></strong></p>
<p align="CENTER"><span style="color: #ff9900;"><span style="font-family: Papyrus, cursive;"><span style="font-size: large;">Il est possible de venir uniquement à la méditation.</span></span></span></p>
<p align="CENTER"><strong><span style="color: #ff9900;"><span style="font-family: Papyrus, cursive;"><span style="font-size: large;">Venez avec vos amis! Merci de m&rsquo;informer de votre participation.</span></span></span></strong></p>
<p align="CENTER"><span style="color: #ff9900;"><span style="font-family: Papyrus, cursive;"><span style="font-size: large;">organisé et animé par Sylvie Icart Fabiol</span></span></span></p>
<p align="CENTER"><span style="color: #ff9900;"><span style="font-family: Papyrus, cursive;"><span style="font-size: xx-large;"><b>10€</b></span></span></span></p>
<p>&nbsp;</p>

<p>Journée internationale de yoga 18h00 Yoga nidra, voyage vers une profonde relaxation et une conscience éveilée 19h00 Land art  Réalisation d&rsquo;un mandala végétal éphémère 19h30 Célébration du solstice Préparation du&#8230;</p>
