{"id":2798,"date":"2025-08-21T14:52:47","date_gmt":"2025-08-21T12:52:47","guid":{"rendered":"https:\/\/www.lesjardinsdehridaya.fr\/?post_type=tribe_events&#038;p=2798"},"modified":"2025-08-21T14:56:52","modified_gmt":"2025-08-21T12:56:52","slug":"fete-de-lequinoxe-dautomne-2","status":"publish","type":"tribe_events","link":"https:\/\/www.lesjardinsdehridaya.fr\/index.php\/evenements\/fete-de-lequinoxe-dautomne-2\/","title":{"rendered":"F\u00caTE DE L&rsquo;EQUINOXE D&rsquo;AUTOMNE"},"content":{"rendered":"<p align=\"justify\"><em><span style=\"color: #801900;\"><span style=\"font-family: Philosopher;\"><span style=\"font-size: large;\">Retrouvons nous pour honorer ce moment o\u00f9 la nature prodigue ses derniers tr\u00e9sors avant de sombrer dans le sommeil hivernal. <\/span><\/span><\/span><\/em><\/p>\n<p align=\"justify\"><em><span style=\"color: #801900;\"><span style=\"font-family: Philosopher;\"><span style=\"font-size: large;\">Traditionnellement, lors de la f\u00eate de Mabon, on c\u00e9l\u00e8bre l&rsquo;\u00e9quilibre entre la lumi\u00e8re et l&rsquo;obscurit\u00e9, ainsi que la r\u00e9colte abondante qui accompagne l&rsquo;automne. C&rsquo;est un moment de gratitude pour les bienfaits de la terre et un rappel que la nature suit un cycle \u00e9ternel.<\/span><\/span><\/span><\/em><\/p>\n<p>17h30 R\u00e9alisation d&rsquo;un mandala v\u00e9g\u00e9tal avec les cueillettes sur le lieu ( fleurs, fruits, graines, feuilles aux couleurs de la saison&#8230;)<\/p>\n<p>18h30 M\u00e9ditation et feu au cercle de pierres<\/p>\n<p>19h30 Partages des d\u00e9lices apport\u00e9s par chacun<\/p>\n<p align=\"justify\">Il est possible de venir uniquement \u00e0 la m\u00e9ditation et au feu;<\/p>\n<p align=\"justify\">Merci d&rsquo;annoncer votre venue<\/p>\n<p align=\"justify\">Participation libre pour les petits budgets<\/p>\n<p>&nbsp;<\/p>\n","protected":false},"excerpt":{"rendered":"<p>Retrouvons nous pour honorer ce moment o\u00f9 la nature prodigue ses derniers tr\u00e9sors avant de sombrer dans le sommeil hivernal. Traditionnellement, lors de la f\u00eate de Mabon, on c\u00e9l\u00e8bre l&rsquo;\u00e9quilibre&#8230;<\/p>\n","protected":false},"author":1,"featured_media":2002,"template":"","meta":{"_kad_post_transparent":"","_kad_post_title":"","_kad_post_layout":"","_kad_post_sidebar_id":"","_kad_post_content_style":"","_kad_post_vertical_padding":"","_kad_post_feature":"","_kad_post_feature_position":"","_kad_post_header":false,"_kad_post_footer":false,"_tribe_events_status":"","_tribe_events_status_reason":"","footnotes":""},"tags":[],"tribe_events_cat":[],"class_list":["post-2798","tribe_events","type-tribe_events","status-publish","has-post-thumbnail","hentry"],"_links":{"self":[{"href":"https:\/\/www.lesjardinsdehridaya.fr\/index.php\/wp-json\/wp\/v2\/tribe_events\/2798","targetHints":{"allow":["GET"]}}],"collection":[{"href":"https:\/\/www.lesjardinsdehridaya.fr\/index.php\/wp-json\/wp\/v2\/tribe_events"}],"about":[{"href":"https:\/\/www.lesjardinsdehridaya.fr\/index.php\/wp-json\/wp\/v2\/types\/tribe_events"}],"author":[{"embeddable":true,"href":"https:\/\/www.lesjardinsdehridaya.fr\/index.php\/wp-json\/wp\/v2\/users\/1"}],"version-history":[{"count":1,"href":"https:\/\/www.lesjardinsdehridaya.fr\/index.php\/wp-json\/wp\/v2\/tribe_events\/2798\/revisions"}],"predecessor-version":[{"id":2799,"href":"https:\/\/www.lesjardinsdehridaya.fr\/index.php\/wp-json\/wp\/v2\/tribe_events\/2798\/revisions\/2799"}],"wp:featuredmedia":[{"embeddable":true,"href":"https:\/\/www.lesjardinsdehridaya.fr\/index.php\/wp-json\/wp\/v2\/media\/2002"}],"wp:attachment":[{"href":"https:\/\/www.lesjardinsdehridaya.fr\/index.php\/wp-json\/wp\/v2\/media?parent=2798"}],"wp:term":[{"taxonomy":"post_tag","embeddable":true,"href":"https:\/\/www.lesjardinsdehridaya.fr\/index.php\/wp-json\/wp\/v2\/tags?post=2798"},{"taxonomy":"tribe_events_cat","embeddable":true,"href":"https:\/\/www.lesjardinsdehridaya.fr\/index.php\/wp-json\/wp\/v2\/tribe_events_cat?post=2798"}],"curies":[{"name":"wp","href":"https:\/\/api.w.org\/{rel}","templated":true}]}}

FÊTE DE L&rsquo;EQUINOXE D&rsquo;AUTOMNE

<p align="justify"><em><span style="color: #801900;"><span style="font-family: Philosopher;"><span style="font-size: large;">Retrouvons nous pour honorer ce moment où la nature prodigue ses derniers trésors avant de sombrer dans le sommeil hivernal. </span></span></span></em></p>
<p align="justify"><em><span style="color: #801900;"><span style="font-family: Philosopher;"><span style="font-size: large;">Traditionnellement, lors de la fête de Mabon, on célèbre l&rsquo;équilibre entre la lumière et l&rsquo;obscurité, ainsi que la récolte abondante qui accompagne l&rsquo;automne. C&rsquo;est un moment de gratitude pour les bienfaits de la terre et un rappel que la nature suit un cycle éternel.</span></span></span></em></p>
<p>17h30 Réalisation d&rsquo;un mandala végétal avec les cueillettes sur le lieu ( fleurs, fruits, graines, feuilles aux couleurs de la saison&#8230;)</p>
<p>18h30 Méditation et feu au cercle de pierres</p>
<p>19h30 Partages des délices apportés par chacun</p>
<p align="justify">Il est possible de venir uniquement à la méditation et au feu;</p>
<p align="justify">Merci d&rsquo;annoncer votre venue</p>
<p align="justify">Participation libre pour les petits budgets</p>
<p>&nbsp;</p>

<p>Retrouvons nous pour honorer ce moment où la nature prodigue ses derniers trésors avant de sombrer dans le sommeil hivernal. Traditionnellement, lors de la fête de Mabon, on célèbre l&rsquo;équilibre&#8230;</p>
