{"id":2822,"date":"2025-10-15T17:22:33","date_gmt":"2025-10-15T15:22:33","guid":{"rendered":"https:\/\/www.lesjardinsdehridaya.fr\/?post_type=tribe_events&#038;p=2822"},"modified":"2025-10-15T17:22:33","modified_gmt":"2025-10-15T15:22:33","slug":"concert-musique-du-monde-avec-fu","status":"publish","type":"tribe_events","link":"https:\/\/www.lesjardinsdehridaya.fr\/index.php\/evenements\/concert-musique-du-monde-avec-fu\/","title":{"rendered":"CONCERT MUSIQUE DU MONDE avec FU"},"content":{"rendered":"<p>VENDREDI30 NOVEMBRE 2025 \u00e0 16h<\/p>\n<p style=\"text-align: center;\"><strong>FU compos\u00e9 de<\/strong><\/p>\n<p style=\"text-align: center;\">Romain FABER : Guitare flamenca<\/p>\n<p style=\"text-align: center;\">Xavier UTERS : Ney, Kemanche<\/p>\n<p>Apr\u00e8s un premier album de compositions aux accents celtiques et andalous, Xavier et Romain partent \u00e0 la recherche de nouvelles sonorit\u00e9s flamencas pour instruments iraniens et guitare.<br \/>\nCette proposition in\u00e9dite et po\u00e9tique vous invite \u00e0 entendre des cr\u00e9ationsoriginales, entre musique \u00e9crite et improvis\u00e9e.<\/p>\n<p>A \u00e9couter pour d\u00e9couvrir:<\/p>\n<div class=\"entry-content-asset videofit\"><iframe title=\"- FU - : Le cheval Say\" width=\"720\" height=\"405\" src=\"https:\/\/www.youtube.com\/embed\/8INf5opGEHE?feature=oembed\" frameborder=\"0\" allow=\"accelerometer; autoplay; clipboard-write; encrypted-media; gyroscope; picture-in-picture; web-share\" referrerpolicy=\"strict-origin-when-cross-origin\" allowfullscreen><\/iframe><\/div>\n<p>&nbsp;<\/p>\n<p>&nbsp;<\/p>\n<div class=\"entry-content-asset videofit\"><iframe title=\"- FU -  :   5\" width=\"720\" height=\"405\" src=\"https:\/\/www.youtube.com\/embed\/xWAzaLY9894?feature=oembed\" frameborder=\"0\" allow=\"accelerometer; autoplay; clipboard-write; encrypted-media; gyroscope; picture-in-picture; web-share\" referrerpolicy=\"strict-origin-when-cross-origin\" allowfullscreen><\/iframe><\/div>\n<p><strong>PARTICIPATION LIBRE<\/strong><\/p>\n<p>Le concert sera suivi du partage d&rsquo;une tisane offerte.<\/p>\n","protected":false},"excerpt":{"rendered":"<p>VENDREDI30 NOVEMBRE 2025 \u00e0 16h FU compos\u00e9 de Romain FABER : Guitare flamenca Xavier UTERS : Ney, Kemanche Apr\u00e8s un premier album de compositions aux accents celtiques et andalous, Xavier&#8230;<\/p>\n","protected":false},"author":1,"featured_media":2823,"template":"","meta":{"_kad_post_transparent":"","_kad_post_title":"","_kad_post_layout":"","_kad_post_sidebar_id":"","_kad_post_content_style":"","_kad_post_vertical_padding":"","_kad_post_feature":"","_kad_post_feature_position":"","_kad_post_header":false,"_kad_post_footer":false,"_tribe_events_status":"","_tribe_events_status_reason":"","footnotes":""},"tags":[],"tribe_events_cat":[],"class_list":["post-2822","tribe_events","type-tribe_events","status-publish","has-post-thumbnail","hentry"],"_links":{"self":[{"href":"https:\/\/www.lesjardinsdehridaya.fr\/index.php\/wp-json\/wp\/v2\/tribe_events\/2822","targetHints":{"allow":["GET"]}}],"collection":[{"href":"https:\/\/www.lesjardinsdehridaya.fr\/index.php\/wp-json\/wp\/v2\/tribe_events"}],"about":[{"href":"https:\/\/www.lesjardinsdehridaya.fr\/index.php\/wp-json\/wp\/v2\/types\/tribe_events"}],"author":[{"embeddable":true,"href":"https:\/\/www.lesjardinsdehridaya.fr\/index.php\/wp-json\/wp\/v2\/users\/1"}],"version-history":[{"count":1,"href":"https:\/\/www.lesjardinsdehridaya.fr\/index.php\/wp-json\/wp\/v2\/tribe_events\/2822\/revisions"}],"predecessor-version":[{"id":2824,"href":"https:\/\/www.lesjardinsdehridaya.fr\/index.php\/wp-json\/wp\/v2\/tribe_events\/2822\/revisions\/2824"}],"wp:featuredmedia":[{"embeddable":true,"href":"https:\/\/www.lesjardinsdehridaya.fr\/index.php\/wp-json\/wp\/v2\/media\/2823"}],"wp:attachment":[{"href":"https:\/\/www.lesjardinsdehridaya.fr\/index.php\/wp-json\/wp\/v2\/media?parent=2822"}],"wp:term":[{"taxonomy":"post_tag","embeddable":true,"href":"https:\/\/www.lesjardinsdehridaya.fr\/index.php\/wp-json\/wp\/v2\/tags?post=2822"},{"taxonomy":"tribe_events_cat","embeddable":true,"href":"https:\/\/www.lesjardinsdehridaya.fr\/index.php\/wp-json\/wp\/v2\/tribe_events_cat?post=2822"}],"curies":[{"name":"wp","href":"https:\/\/api.w.org\/{rel}","templated":true}]}}

<p>VENDREDI30 NOVEMBRE 2025 à 16h</p>
<p style="text-align: center;"><strong>FU composé de</strong></p>
<p style="text-align: center;">Romain FABER : Guitare flamenca</p>
<p style="text-align: center;">Xavier UTERS : Ney, Kemanche</p>
<p>Après un premier album de compositions aux accents celtiques et andalous, Xavier et Romain partent à la recherche de nouvelles sonorités flamencas pour instruments iraniens et guitare.<br />
Cette proposition inédite et poétique vous invite à entendre des créationsoriginales, entre musique écrite et improvisée.</p>
<p>A écouter pour découvrir:</p>
<div class="entry-content-asset videofit"><iframe title="- FU - : Le cheval Say" width="720" height="405" src="https://www.youtube.com/embed/8INf5opGEHE?feature=oembed" frameborder="0" allow="accelerometer; autoplay; clipboard-write; encrypted-media; gyroscope; picture-in-picture; web-share" referrerpolicy="strict-origin-when-cross-origin" allowfullscreen></iframe></div>
<p>&nbsp;</p>
<p>&nbsp;</p>
<div class="entry-content-asset videofit"><iframe title="- FU -  :   5" width="720" height="405" src="https://www.youtube.com/embed/xWAzaLY9894?feature=oembed" frameborder="0" allow="accelerometer; autoplay; clipboard-write; encrypted-media; gyroscope; picture-in-picture; web-share" referrerpolicy="strict-origin-when-cross-origin" allowfullscreen></iframe></div>
<p><strong>PARTICIPATION LIBRE</strong></p>
<p>Le concert sera suivi du partage d&rsquo;une tisane offerte.</p>

<p>VENDREDI30 NOVEMBRE 2025 à 16h FU composé de Romain FABER : Guitare flamenca Xavier UTERS : Ney, Kemanche Après un premier album de compositions aux accents celtiques et andalous, Xavier&#8230;</p>
